8?
2, 137, 280921
List the prime factors of 12212033.
109, 199, 563
List the prime factors of 741391354.
2, 11, 3739, 9013
List the prime factors of 69313413.
3, 13, 1777267
What are the prime factors of 133107988?
2, 13, 2559769
List the prime factors of 646542244.
2, 199, 521, 1559
List the prime factors of 313502340.
2, 3, 5, 5225039
What are the prime factors of 1793488005?
3, 5, 39855289
What are the prime factors of 454569105?
3, 5, 30304607
List the prime factors of 51690254.
2, 7, 11, 59, 5689
List the prime factors of 210341780.
2, 5, 11, 19, 50321
What are the prime factors of 186301517?
19, 9805343
What are the prime factors of 2036126430?
2, 3, 5, 13, 580093
List the prime factors of 43147594.
2, 7, 19, 162209
What are the prime factors of 62588131?
62588131
List the prime factors of 3386650743.
3, 7, 83, 71963
What are the prime factors of 401058779?
11, 101, 360989
What are the prime factors of 5129291356?
2, 7, 719, 254783
What are the prime factors of 3063860040?
2, 3, 5, 53, 311, 1549
List the prime factors of 52256.
2, 23, 71
List the prime factors of 208997633.
13, 16076741
What are the prime factors of 12945773?
397, 32609
What are the prime factors of 9367828?
2, 31, 2437
What are the prime factors of 36015313?
173, 409, 509
What are the prime factors of 64679441?
17, 37, 102829
List the prime factors of 57800141.
7, 8257163
List the prime factors of 7031181894.
2, 3, 11, 43, 463, 5351
List the prime factors of 705950256.
2, 3, 11, 1337027
List the prime factors of 804182156.
2, 2063, 97453
List the prime factors of 129230092.
2, 32307523
List the prime factors of 103258331.
11, 19, 557, 887
What are the prime factors of 12342312?
2, 3, 37, 41, 113
What are the prime factors of 36648741?
3, 12216247
What are the prime factors of 1091097254?
2, 13, 491, 85469
What are the prime factors of 318629332?
2, 7, 2237, 5087
What are the prime factors of 453937493?
19, 29, 823843
List the prime factors of 432159208.
2, 13, 733, 5669
What are the prime factors of 2327731070?
2, 5, 7, 113, 294277
List the prime factors of 83216815.
5, 11, 1513033
List the prime factors of 181447076.
2, 1459, 31091
List the prime factors of 501905058.
2, 3, 83650843
List the prime factors of 8303669848.
2, 53, 139, 140893
List the prime factors of 27158475.
3, 5, 257, 1409
List the prime factors of 3315366632.
2, 251, 439, 3761
List the prime factors of 689089492.
2, 7, 13, 17, 19, 5861
What are the prime factors of 59987274?
2, 3, 9997879
What are the prime factors of 21132144?
2, 3, 11, 4447
What are the prime factors of 2001831108?
2, 3, 19, 8779961
List the prime factors of 172108966.
2, 83, 139, 7459
List the prime factors of 2201521130.
2, 5, 23, 9571831
List the prime factors of 88816296.
2, 3, 17, 217687
What are the prime factors of 5758828?
2, 37, 167, 233
List the prime factors of 43369996.
2, 23, 599, 787
What are the prime factors of 4849644538?
2, 29, 37, 2259853
List the prime factors of 144049809.
3, 48016603
What are the prime factors of 1907765222?
2, 11, 23, 3770287
List the prime factors of 4163015.
5, 281, 2963
List the prime factors of 101972260.
2, 5, 13, 392201
What are the prime factors of 42192629?
3271, 12899
List the prime factors of 116011248.
2, 3, 43, 56207
List the prime factors of 4083420492.
2, 3, 19, 37, 53783
List the prime factors of 48874327.
19, 641, 4013
What are the prime factors of 59186290?
2, 5, 1451, 4079
List the prime factors of 2438780686.
2, 20333, 59971
List the prime factors of 2585475837.
3, 7, 5862757
List the prime factors of 174230904.
2, 3, 7259621
List the prime factors of 30977742.
2, 3, 29, 31, 5743
List the prime factors of 2417126614.
2, 7, 89, 1939909
List the prime factors of 52439310.
2, 3, 5, 7, 11, 23, 47
List the prime factors of 236442803.
1997, 118399
What are the prime factors of 21790661?
167, 130483
List the prime factors of 629964251.
7, 4157, 21649
List the prime factors of 644708479.
73, 1151, 7673
List the prime factors of 479771839.
991, 484129
What are the prime factors of 177185967?
3, 7, 71, 151, 787
List the prime factors of 47603544.
2, 3, 313, 6337
List the prime factors of 28718668.
2, 11, 43, 353
What are the prime factors of 1612650200?
2, 5, 7, 139, 8287
What are the prime factors of 2146597506?
2, 3, 119255417
What are the prime factors of 663651086?
2, 7, 61, 777109
List the prime factors of 84798432.
2, 3, 294439
What are the prime factors of 105242055?
3, 5, 31, 89, 2543
What are the prime factors of 1263345634?
2, 197, 1229, 2609
List the prime factors of 11482157.
17, 89, 7589
What are the prime factors of 744858220?
2, 5, 23, 1619257
List the prime factors of 1921707191.
1921707191
What are the prime factors of 238837939?
29, 8235791
What are the prime factors of 1117366079?
19, 353, 166597
What are the prime factors of 894003011?
11, 7019, 11579
What are the prime factors of 2704142510?
2, 5, 19, 607, 23447
List the prime factors of 6706129619.
7, 23, 89, 468011
What are the prime factors of 877092816?
2, 3, 18272767
List the prime factors of 30141819.
3, 449, 7459
What are the prime factors of 122757212?
2, 30689303
List the prime factors of 577112860.
2, 5, 1543, 18701
List the prime factors of 47426475.
3, 5, 632353
What are the prime factors of 1741425114?
2, 3, 11, 13, 2029633
What are the prime factors of 300144215?
5, 7, 1579, 5431
What are the prime factors of 3218482891?
13, 17, 251, 3413
List the prime factors of 60560386.
2, 30280193
List the prime factors of 95590417.
13, 7353109
List the prime factors of 383471424.
2, 3, 7, 95107
List the prime factors of 110518434.
2, 3, 13, 472301
What are the prime factors of 31976534?
2, 809, 19763
What are the prime factors of 32202488?
2, 17, 236783
What are the prime factors of 2560204910?
2, 5, 359, 713149
List the prime factors of 202453618.
2, 3011, 33619
List the prime factors of 14106407.
7, 2015201
What are the prime factors of 561098674?
2, 1013, 276949
What are the prime factors of 33234790?
2, 5, 31, 107209
List the prime factors of 37128276.
2, 3, 257, 4013
List the prime factors of 58320166.
2, 17, 479, 3581
List the prime factors of 95559791.
95559791
What are the prime factors of 54465148?
2, 233, 58439
List the prime factors of 49509648.
2, 3, 343817
List the prime factors of 6024329012.
2, 13, 19, 61, 5261
List the prime factors of 8610390.
2, 3, 5, 29, 3299
What are the prime factors of 34237927?
1327, 25801
List the prime factors of 130704561.
3, 13, 23, 48571
What are the prime factors of 187009953?
3, 13, 71, 67537
What are the prime factors of 651445300?
2, 5, 11, 592223
What are the prime factors of 9281714?
2, 13, 356989
What are the prime factors of 39037492?
2, 13, 750721
List the prime factors of 134566342.
2, 67283171
What are the prime factors of 160028450?
2, 5, 19, 168451
What are the prime factors of 79101966?
2, 3, 29, 454609
List the prime factors of 444581548.
2, 1019, 109073
What are the prime factors of 39803835?
3, 5, 103, 25763
What are the prime factors of 52599011?
19, 29, 95461
List the prime factors of 468676844.
2, 5641, 20771
List the prime factors of 2848398009.
3, 29, 79, 414433
List the prime factors of 1401425552.
2, 271, 323207
What are the prime factors of 38740909?
17, 2278877
What are the prime factors of 12366662?
2, 7, 11, 131, 613
List the prime factors of 941647179.
3, 11, 61, 467783
What are the prime factors of 188735727?
3, 62911909
List the prime factors of 2958741192.
2, 3, 11, 1217, 9209
What are the prime factors of 362875881?
3, 353, 342659
List the prime factors of 1920040074.
2, 3, 106668893
What are the prime factors of 142712741?
29, 4921129
List the prime factors of 59375439.
3, 6597271
List the prime factors of 1142952469.
1142952469
What are the prime factors of 3306817279?
227, 14567477
What are the prime factors of 411766234?
2, 11, 18716647
What are the prime factors of 221249726?
2, 109, 1014907
What are the prime factors of 1320210164?
2, 7, 13, 3626951
What are the prime factors of 42030578?
2, 21015289
List the prime factors of 2616970414.
2, 31231, 41897
What are the prime factors of 681637612?
2, 563, 302681
What are the prime factors of 69124026?
2, 3, 11520671
What are the prime factors of 5082347613?
3, 7, 242016553
What